{"id":4983,"date":"2017-02-10T17:40:24","date_gmt":"2017-02-10T19:40:24","guid":{"rendered":"http:\/\/www.equipapet.com.br\/site\/?post_type=product&#038;p=4983"},"modified":"2025-06-18T10:12:29","modified_gmt":"2025-06-18T13:12:29","slug":"lamina-andis-10","status":"publish","type":"product","link":"https:\/\/equipapet.com.br\/website\/product\/lamina-andis-10\/","title":{"rendered":"L\u00c2MINA 10 ANDIS"},"content":{"rendered":"<p>ALTURA DO CORTE = 1,5 mm<\/p>\n<p>As l\u00e2minas profissionais Ultraedge, sin\u00f4nimo de avan\u00e7o tecnol\u00f3gico, s\u00e3o respons\u00e1veis pela longa durabilidade do corte, pelo excelente desempenho e pelos longos intervalos entre a afia\u00e7\u00f5es. As laminas t\u00eam um acabamento especial em cromo para resistir oxida\u00e7\u00f5es, acarretando melhora no desempenho. Compat\u00edveis com as marcas Oster A5 , Andis, AG, AGC, WahlKM1, Km2 e Laube.<\/p>\n<p>A Equipapet \u00e9 uma empresa especializada em\u00a0<b>equipamentos veterin\u00e1rios<\/b>. com vasta experi\u00eancia no setor, surgiu no intuito de ser refer\u00eancia no mercado de atua\u00e7\u00e3o e vem ganhando cada vez mais espa\u00e7o na \u00e1rea de\u00a0<b>Equipamentos Veterin\u00e1rios<\/b>\u00a0e\u00a0<b>Produtos Veterin\u00e1rios<\/b>\u00a0relacionados a montar\u00a0<b>Consult\u00f3rios Veterin\u00e1rios<\/b>,\u00a0<b>Cl\u00ednicas Veterin\u00e1rias<\/b>\u00a0e<b>\u00a0Hospitais Veterin\u00e1rios.<\/b><\/p>\n<p>&nbsp;<\/p>\n<p>&nbsp;<\/p>\n<p>Contamos com profissionais treinados e experientes\u00a0para dar todo o suporte para a melhor escolha al\u00e9m de acompanhar o veterin\u00e1rio em sua vida profissional e no dia-a-dia dando suporte no que precisar.<\/p>\n<p>&nbsp;<\/p>\n<p>Conhe\u00e7a nossos produtos, buscamos oferecer sempre a melhor solu\u00e7\u00e3o para sua cl\u00ednica veterin\u00e1ria.<\/p>\n","protected":false},"excerpt":{"rendered":"<p>ALTURA DO CORTE = 1,5 mm As l\u00e2minas profissionais Ultraedge, sin\u00f4nimo de avan\u00e7o tecnol\u00f3gico, s\u00e3o respons\u00e1veis pela longa durabilidade do<\/p>\n","protected":false},"featured_media":4984,"template":"","meta":[],"product_cat":[740,763,767],"product_tag":[],"class_list":{"0":"post-4983","1":"product","2":"type-product","3":"status-publish","4":"has-post-thumbnail","6":"product_cat-banho-tosa","7":"product_cat-promocao","8":"product_cat-pronta-entrega","10":"first","11":"instock","12":"sale","13":"shipping-taxable","14":"purchasable","15":"product-type-simple"},"_links":{"self":[{"href":"https:\/\/equipapet.com.br\/website\/wp-json\/wp\/v2\/product\/4983","targetHints":{"allow":["GET"]}}],"collection":[{"href":"https:\/\/equipapet.com.br\/website\/wp-json\/wp\/v2\/product"}],"about":[{"href":"https:\/\/equipapet.com.br\/website\/wp-json\/wp\/v2\/types\/product"}],"wp:featuredmedia":[{"embeddable":true,"href":"https:\/\/equipapet.com.br\/website\/wp-json\/wp\/v2\/media\/4984"}],"wp:attachment":[{"href":"https:\/\/equipapet.com.br\/website\/wp-json\/wp\/v2\/media?parent=4983"}],"wp:term":[{"taxonomy":"product_cat","embeddable":true,"href":"https:\/\/equipapet.com.br\/website\/wp-json\/wp\/v2\/product_cat?post=4983"},{"taxonomy":"product_tag","embeddable":true,"href":"https:\/\/equipapet.com.br\/website\/wp-json\/wp\/v2\/product_tag?post=4983"}],"curies":[{"name":"wp","href":"https:\/\/api.w.org\/{rel}","templated":true}]}}