{"id":5363,"date":"2017-06-21T15:15:18","date_gmt":"2017-06-21T18:15:18","guid":{"rendered":"http:\/\/www.equipapet.com.br\/site\/?post_type=product&#038;p=5363"},"modified":"2025-06-20T14:41:07","modified_gmt":"2025-06-20T17:41:07","slug":"monitor-multiparametrico-touch-screen-dl-1000-vet-delta-life","status":"publish","type":"product","link":"https:\/\/equipapet.com.br\/website\/product\/monitor-multiparametrico-touch-screen-dl-1000-vet-delta-life\/","title":{"rendered":"MONITOR MULTIPARAMETRO DL 1000 VET TOUCH"},"content":{"rendered":"<p><strong>9 Par\u00e2metros Integrados:<\/strong><\/p>\n<ul>\n<li>Eletrocardi\u00f3grafo. Possibilita realizar laudos a dist\u00e2ncia.<\/li>\n<li>Ox\u00edmetro;<\/li>\n<li>Curva Pletismogr\u00e1fica;<\/li>\n<li>Frequ\u00eancia card\u00edaca pelo ECG;<\/li>\n<li>Pulso card\u00edaco pelo Ox\u00edmetro;<\/li>\n<li>Press\u00e3o Arterial PANI Sist\u00f3lica, Diast\u00f3lica e M\u00e9dia;<\/li>\n<li>Frequ\u00eancia respirat\u00f3ria &#8211; Sensor de respira\u00e7\u00e3o pelo fluxo de ar (exclusivo no mercado);<\/li>\n<li>Temperatura;<\/li>\n<li>Tabela de Tend\u00eancia PANI<\/li>\n<li>O Monitor Multiparam\u00e9trico DL1000 Touch screen \u00e9 um equipamento fundamental para cl\u00ednicas e hospitais veterin\u00e1rios. Ele detecta sinais vitais do paciente e exibe os resultados simultaneamente para a efetividade do acompanhamento cir\u00fargico. Como possui alarmes configur\u00e1veis, o DL1000 oferece suporte necess\u00e1rio para que seu paciente esteja seguramente monitorado.O Monitor Multiparam\u00e9trico DL1000 \u00e9 um Touch Screen de alta resolu\u00e7\u00e3o.Eletrocardiograma com 6 deriva\u00e7\u00f5es (DI, DII, DIII, aVf, aVL, aVr) e 1 precordial com a possibilidade de exibir 5 deriva\u00e7\u00f5es simult\u00e2neas na tela.Fun\u00e7\u00e3o Cirurgia: onde uma deriva\u00e7\u00e3o pode ser exibida de forma cont\u00ednua na tela.Software para leitura, armazenamento e impress\u00e3o do eletrocardiograma.Ox\u00edmetro com curva pletismgr\u00e1fica.Frequ\u00eancia card\u00edaca.Pulso card\u00edaco (Junto com a leitura da frequ\u00eanca card\u00edaca facilita a identifica\u00e7\u00e3o da fabrica\u00e7\u00e3o card\u00edaca)Press\u00e3o arterial sistolica, diastolica e m\u00e9dia com configura\u00e7\u00e3o de leituras por tempo e leituras singulares.\n<p>Sensor de respira\u00e7\u00e3o com exclusivo sensor que se conecta ao tubo traquial, possibilitando a verifica\u00e7\u00e3o da frequ\u00eancia respirat\u00f3ria\u00a0at\u00e9 em paciente neonatal.<\/p>\n<p>Leitura da temperatura esof\u00e1gica.<\/p>\n<p>Software para realiza\u00e7\u00e3o de eletrocardiograma via internet pelos 3 cardiologistas consultores da Delta Life (Laudo de Eletrocardiograma a dist\u00e2ncia).<\/p>\n<p>&#8220;Software para envio de laudos a dist\u00e2ncia&#8221; Curva pletismogr\u00e1fica;\u00a0 SpO2 com sensor digital, frequ\u00eancia card\u00edaca, temperatura e press\u00e3o arterial;<br \/>\n\u2022 Alto desempenho em baixa perfus\u00e3o;<br \/>\n\u2022 Cabo paciente de 5 vias;<br \/>\n\u2022 Cabo sensor de temperatura retal, com 3 m de comprimento cada;<br \/>\n\u2022 Conex\u00e3o USB;<br \/>\n\u2022 5 manguitos com tamanhos diferentes;<br \/>\n\u2022 Software para grava\u00e7\u00e3o de exames de ECG dos pacientes;<br \/>\n\u2022 Sistema de an\u00e1lise por impress\u00e3o;<br \/>\n\u2022 F\u00e1cil instala\u00e7\u00e3o;<br \/>\n\u2022 Cursores eletr\u00f4nicos para medidas;<br \/>\n\u2022 Gera\u00e7\u00e3o de laudo eletr\u00f4nico de ECG para envio ao cliente;<br \/>\n\u2022 Detector de respira\u00e7\u00e3o.<\/p>\n<p><strong>1.2 ESPECIFICA\u00c7\u00d5ES T\u00c9CNICAS\u00a0<\/strong><br \/>\n\u2022 Avan\u00e7ado algoritmo de processamento de sinais, Anti Motion Interference;<br \/>\n\u2022 Processamento do sinal digital, melhorando a precis\u00e3o em baixa perfus\u00e3o;<br \/>\n\u2022 Display de alta resolu\u00e7\u00e3o;<br \/>\n\u2022 Alto desempenho de SpO2 em baixas perfus\u00f5es: Amplitude m\u00ednima de pulso \u00e9 0,075%;<br \/>\n\u2022 Sensor de Temperatura Retal de alta precis\u00e3o (0,1 \u00b0C);<br \/>\n\u2022 Imunidade a interfer\u00eancias em alta frequ\u00eancia.<br \/>\n\u2022 Eletrocardiograma com alta efici\u00eancia. Processamento do sinal digital possibilitando a<br \/>\nsepara\u00e7\u00e3o total do sinal do ru\u00eddo.<br \/>\n\u2022 Monitor de press\u00e3o desenvolvido para a \u00e1rea veterin\u00e1ria possibilitando o uso em pequenos<br \/>\nanimais.<\/li>\n<li>A Equipapet \u00e9 uma empresa especializada em\u00a0<b>equipamentos veterin\u00e1rios<\/b>. com vasta experi\u00eancia no setor, surgiu no intuito de ser refer\u00eancia no mercado de atua\u00e7\u00e3o e vem ganhando cada vez mais espa\u00e7o na \u00e1rea de\u00a0<b>Equipamentos Veterin\u00e1rios<\/b>\u00a0e\u00a0<b>Produtos Veterin\u00e1rios<\/b>\u00a0relacionados a montar\u00a0<b>Consult\u00f3rios Veterin\u00e1rios<\/b>,\u00a0<b>Cl\u00ednicas Veterin\u00e1rias<\/b>\u00a0e<b>\u00a0Hospitais Veterin\u00e1rios.<\/b>\n<p>&nbsp;<\/p>\n<p>&nbsp;<\/p>\n<p>Contamos com profissionais treinados e experientes\u00a0para dar todo o suporte para a melhor escolha al\u00e9m de acompanhar o veterin\u00e1rio em sua vida profissional e no dia-a-dia dando suporte no que precisar.<\/p>\n<p>&nbsp;<\/p>\n<p>Conhe\u00e7a nossos produtos, buscamos oferecer sempre a melhor solu\u00e7\u00e3o para sua cl\u00ednica veterin\u00e1ria.<\/li>\n<\/ul>\n","protected":false},"excerpt":{"rendered":"<p><strong>9 Par\u00e2metros Integrados:<\/strong><\/p>\n<ul>\n<li>Eletrocardi\u00f3grafo. Possibilita realizar laudos a dist\u00e2ncia.<\/li>\n<li>Ox\u00edmetro;<\/li>\n<li>Curva Pletismogr\u00e1fica;<\/li>\n<li>Frequ\u00eancia card\u00edaca pelo ECG;<\/li>\n<li>Pulso card\u00edaco pelo Ox\u00edmetro;<\/li>\n<li>Press\u00e3o Arterial PANI Sist\u00f3lica, Diast\u00f3lica e M\u00e9dia;<\/li>\n<li>Frequ\u00eancia respirat\u00f3ria &#8211; Sensor de respira\u00e7\u00e3o pelo fluxo de ar (exclusivo no mercado);<\/li>\n<li>Temperatura;<\/li>\n<li>Tabela de Tend\u00eancia PAN<\/li>\n<\/ul>\n","protected":false},"featured_media":6996,"template":"","meta":[],"product_cat":[739],"product_tag":[],"class_list":{"0":"post-5363","1":"product","2":"type-product","3":"status-publish","4":"has-post-thumbnail","6":"product_cat-clinica-veterinaria","8":"first","9":"instock","10":"shipping-taxable","11":"purchasable","12":"product-type-simple"},"_links":{"self":[{"href":"https:\/\/equipapet.com.br\/website\/wp-json\/wp\/v2\/product\/5363","targetHints":{"allow":["GET"]}}],"collection":[{"href":"https:\/\/equipapet.com.br\/website\/wp-json\/wp\/v2\/product"}],"about":[{"href":"https:\/\/equipapet.com.br\/website\/wp-json\/wp\/v2\/types\/product"}],"wp:featuredmedia":[{"embeddable":true,"href":"https:\/\/equipapet.com.br\/website\/wp-json\/wp\/v2\/media\/6996"}],"wp:attachment":[{"href":"https:\/\/equipapet.com.br\/website\/wp-json\/wp\/v2\/media?parent=5363"}],"wp:term":[{"taxonomy":"product_cat","embeddable":true,"href":"https:\/\/equipapet.com.br\/website\/wp-json\/wp\/v2\/product_cat?post=5363"},{"taxonomy":"product_tag","embeddable":true,"href":"https:\/\/equipapet.com.br\/website\/wp-json\/wp\/v2\/product_tag?post=5363"}],"curies":[{"name":"wp","href":"https:\/\/api.w.org\/{rel}","templated":true}]}}