{"id":5389,"date":"2017-06-21T16:29:21","date_gmt":"2017-06-21T19:29:21","guid":{"rendered":"http:\/\/www.equipapet.com.br\/site\/?post_type=product&#038;p=5389"},"modified":"2025-06-11T14:41:32","modified_gmt":"2025-06-11T17:41:32","slug":"mediflux-plus-dl-100-delta-life","status":"publish","type":"product","link":"https:\/\/equipapet.com.br\/website\/product\/mediflux-plus-dl-100-delta-life\/","title":{"rendered":"MEDIFLUX PLUS DL 100"},"content":{"rendered":"<p>Equipamento Veterin\u00e1rio<\/p>\n<ul>\n<li>Auxilia o profissional veterin\u00e1rio na regulagem da vaz\u00e3o do medicamento na infusoterapia aplicada, diminuindo o tempo e aumentando a precis\u00e3o, expressando a correta vaz\u00e3o do medicamento em gotas por minuto ou ml por hora;<\/li>\n<li>Reduz o desperd\u00edcio de medicamentos;<\/li>\n<li>Melhora significativa no tratamento;<\/li>\n<li>Aumenta a seguran\u00e7a, reduz complica\u00e7\u00f5es causadas por super ou sub dosagem;<\/li>\n<li>Reduz o tempo de procedimento no ajuste da vaz\u00e3o;<\/li>\n<li>Adequado para a maioria de equipos no mercado, tanto micro quanto macrogotas;<\/li>\n<li>Alarme de alerta para interrup\u00e7\u00e3o de fluxo.<\/li>\n<li><iframe loading=\"lazy\" src=\"http:\/\/www.youtube.com\/embed\/kOn1n1QIPfY?version=3&amp;hl=pt_BR\" width=\"100%\" height=\"373\" frameborder=\"0\" scrolling=\"no\"><\/iframe><\/li>\n<li>A Equipapet \u00e9 uma empresa especializada em\u00a0<b>equipamentos veterin\u00e1rios<\/b>. com vasta experi\u00eancia no setor, surgiu no intuito de ser refer\u00eancia no mercado de atua\u00e7\u00e3o e vem ganhando cada vez mais espa\u00e7o na \u00e1rea de\u00a0<b>Equipamentos Veterin\u00e1rios<\/b>\u00a0e\u00a0<b>Produtos Veterin\u00e1rios<\/b>\u00a0relacionados a montar\u00a0<b>Consult\u00f3rios Veterin\u00e1rios<\/b>,\u00a0<b>Cl\u00ednicas Veterin\u00e1rias<\/b>\u00a0e<b>\u00a0Hospitais Veterin\u00e1rios.<\/b>\n<p>&nbsp;<\/p>\n<p>Contamos com profissionais treinados e experientes\u00a0para dar todo o suporte para a melhor escolha al\u00e9m de acompanhar o veterin\u00e1rio em sua vida profissional e no dia-a-dia dando suporte no que precisar.<\/p>\n<p>&nbsp;<\/p>\n<p>Conhe\u00e7a nossos produtos, buscamos oferecer sempre a melhor solu\u00e7\u00e3o para sua cl\u00ednica veterin\u00e1ria.<\/li>\n<\/ul>\n","protected":false},"excerpt":{"rendered":"<p>Equipamento Veterin\u00e1rio<\/p>\n<ul>\n<li>Auxilia o profissional veterin\u00e1rio na regulagem da vaz\u00e3o do medicamento na infusoterapia aplicada, diminuindo o tempo e aumentando a precis\u00e3o, expressando a correta vaz\u00e3o do medicamento em gotas por minuto ou ml por hora;<\/li>\n<li>Reduz o desperd\u00edcio de medicamentos;<\/li>\n<li>Melhora significativa no tratamento;<\/li>\n<li>Aumenta a seguran\u00e7a, reduz complica\u00e7\u00f5es causadas por super ou sub dosagem;<\/li>\n<li>Reduz o tempo de procedimento no ajuste da vaz\u00e3o;<\/li>\n<li>Adequado para a maioria de equipos no mercado, tanto micro quanto macrogotas;<\/li>\n<li>Alarme de alerta para interrup\u00e7\u00e3o de fluxo.<\/li>\n<\/ul>\n","protected":false},"featured_media":6992,"template":"","meta":[],"product_cat":[739,777],"product_tag":[],"class_list":{"0":"post-5389","1":"product","2":"type-product","3":"status-publish","4":"has-post-thumbnail","6":"product_cat-clinica-veterinaria","7":"product_cat-equipamentos","9":"first","10":"instock","11":"shipping-taxable","12":"product-type-simple"},"_links":{"self":[{"href":"https:\/\/equipapet.com.br\/website\/wp-json\/wp\/v2\/product\/5389","targetHints":{"allow":["GET"]}}],"collection":[{"href":"https:\/\/equipapet.com.br\/website\/wp-json\/wp\/v2\/product"}],"about":[{"href":"https:\/\/equipapet.com.br\/website\/wp-json\/wp\/v2\/types\/product"}],"wp:featuredmedia":[{"embeddable":true,"href":"https:\/\/equipapet.com.br\/website\/wp-json\/wp\/v2\/media\/6992"}],"wp:attachment":[{"href":"https:\/\/equipapet.com.br\/website\/wp-json\/wp\/v2\/media?parent=5389"}],"wp:term":[{"taxonomy":"product_cat","embeddable":true,"href":"https:\/\/equipapet.com.br\/website\/wp-json\/wp\/v2\/product_cat?post=5389"},{"taxonomy":"product_tag","embeddable":true,"href":"https:\/\/equipapet.com.br\/website\/wp-json\/wp\/v2\/product_tag?post=5389"}],"curies":[{"name":"wp","href":"https:\/\/api.w.org\/{rel}","templated":true}]}}