{"id":5603,"date":"2017-09-13T21:48:32","date_gmt":"2017-09-14T00:48:32","guid":{"rendered":"http:\/\/www.equipapet.com.br\/site\/?post_type=product&#038;p=5603"},"modified":"2025-06-20T14:01:56","modified_gmt":"2025-06-20T17:01:56","slug":"berco-para-uti-em-ferro","status":"publish","type":"product","link":"https:\/\/equipapet.com.br\/website\/product\/berco-para-uti-em-ferro\/","title":{"rendered":"BER\u00c7O PARA UTI EM FERRO"},"content":{"rendered":"<p>Medidas (CxLxA) 120x60x55cm, altura total de 130cm. Sistema manual para abaixar e levantar as laterais; suporte de soro; suporte para cilindro de 5 litros; colch\u00e3o e prote\u00e7\u00e3o laterais em espuma com forro imperme\u00e1vel<\/p>\n<p>Somos Representante Metalvet<\/p>\n<p>Os produtos da metalvet seguem a mesma pol\u00edtica da fabrica, tendo o mesmo pre\u00e7o e sem frete gr\u00e1tis.<\/p>\n<p>PARA COMPRA OU ORCAMENTO , BASTA NOS ENVIAR POR EMAIL \u00a0contato@equipapet.com.br<\/p>\n<p>OBRIGADA.<\/p>\n","protected":false},"excerpt":{"rendered":"<p>Medidas (CxLxA) 120x60x55cm, altura total de 130cm. Sistema manual para abaixar e levantar as laterais; suporte de soro; suporte para<\/p>\n","protected":false},"featured_media":5604,"template":"","meta":[],"product_cat":[739],"product_tag":[],"class_list":{"0":"post-5603","1":"product","2":"type-product","3":"status-publish","4":"has-post-thumbnail","6":"product_cat-clinica-veterinaria","8":"first","9":"instock","10":"shipping-taxable","11":"purchasable","12":"product-type-simple"},"_links":{"self":[{"href":"https:\/\/equipapet.com.br\/website\/wp-json\/wp\/v2\/product\/5603","targetHints":{"allow":["GET"]}}],"collection":[{"href":"https:\/\/equipapet.com.br\/website\/wp-json\/wp\/v2\/product"}],"about":[{"href":"https:\/\/equipapet.com.br\/website\/wp-json\/wp\/v2\/types\/product"}],"wp:featuredmedia":[{"embeddable":true,"href":"https:\/\/equipapet.com.br\/website\/wp-json\/wp\/v2\/media\/5604"}],"wp:attachment":[{"href":"https:\/\/equipapet.com.br\/website\/wp-json\/wp\/v2\/media?parent=5603"}],"wp:term":[{"taxonomy":"product_cat","embeddable":true,"href":"https:\/\/equipapet.com.br\/website\/wp-json\/wp\/v2\/product_cat?post=5603"},{"taxonomy":"product_tag","embeddable":true,"href":"https:\/\/equipapet.com.br\/website\/wp-json\/wp\/v2\/product_tag?post=5603"}],"curies":[{"name":"wp","href":"https:\/\/api.w.org\/{rel}","templated":true}]}}