{"id":5648,"date":"2017-09-17T10:19:09","date_gmt":"2017-09-17T13:19:09","guid":{"rendered":"http:\/\/www.equipapet.com.br\/site\/?post_type=product&#038;p=5648"},"modified":"2025-06-20T14:04:55","modified_gmt":"2025-06-20T17:04:55","slug":"calha-cirurgica-media","status":"publish","type":"product","link":"https:\/\/equipapet.com.br\/website\/product\/calha-cirurgica-media\/","title":{"rendered":"CALHA CIR\u00daRGICA M\u00c9DIA"},"content":{"rendered":"<p>Medidas: (CxLxA) 75x27x12cm. Tampo em formato \u201cU\u201d em a\u00e7o inoxid\u00e1vel com furos para amarra\u00e7\u00e3o. Estrutura em ferro zincado com ponteiras de borracha.<\/p>\n<p>PARA COMPRA OU ORCAMENTO , BASTA NOS ENVIAR POR EMAIL \u00a0contato@equipapet.com.br<\/p>\n<p>OBRIGADA.<\/p>\n","protected":false},"excerpt":{"rendered":"<p>Medidas: (CxLxA) 75x27x12cm. Tampo em formato \u201cU\u201d em a\u00e7o inoxid\u00e1vel com furos para amarra\u00e7\u00e3o. Estrutura em ferro zincado com ponteiras<\/p>\n","protected":false},"featured_media":5877,"template":"","meta":[],"product_cat":[739],"product_tag":[],"class_list":{"0":"post-5648","1":"product","2":"type-product","3":"status-publish","4":"has-post-thumbnail","6":"product_cat-clinica-veterinaria","8":"first","9":"instock","10":"shipping-taxable","11":"purchasable","12":"product-type-simple"},"_links":{"self":[{"href":"https:\/\/equipapet.com.br\/website\/wp-json\/wp\/v2\/product\/5648","targetHints":{"allow":["GET"]}}],"collection":[{"href":"https:\/\/equipapet.com.br\/website\/wp-json\/wp\/v2\/product"}],"about":[{"href":"https:\/\/equipapet.com.br\/website\/wp-json\/wp\/v2\/types\/product"}],"wp:featuredmedia":[{"embeddable":true,"href":"https:\/\/equipapet.com.br\/website\/wp-json\/wp\/v2\/media\/5877"}],"wp:attachment":[{"href":"https:\/\/equipapet.com.br\/website\/wp-json\/wp\/v2\/media?parent=5648"}],"wp:term":[{"taxonomy":"product_cat","embeddable":true,"href":"https:\/\/equipapet.com.br\/website\/wp-json\/wp\/v2\/product_cat?post=5648"},{"taxonomy":"product_tag","embeddable":true,"href":"https:\/\/equipapet.com.br\/website\/wp-json\/wp\/v2\/product_tag?post=5648"}],"curies":[{"name":"wp","href":"https:\/\/api.w.org\/{rel}","templated":true}]}}