{"id":5874,"date":"2017-09-30T21:13:47","date_gmt":"2017-10-01T00:13:47","guid":{"rendered":"http:\/\/www.equipapet.com.br\/site\/?post_type=product&#038;p=5874"},"modified":"2025-06-20T14:04:37","modified_gmt":"2025-06-20T17:04:37","slug":"calha-cirurgica-grande-ref-cmc","status":"publish","type":"product","link":"https:\/\/equipapet.com.br\/website\/product\/calha-cirurgica-grande-ref-cmc\/","title":{"rendered":"CALHA CIRURGICA GRANDE"},"content":{"rendered":"<p>Calha Cir\u00fargica Grande chapa\u00a0a\u00e7o inox fixada sem arrebite para evitar contamina\u00e7\u00e3o\u00a0estrutura em ferro zincado com furos laterais para conte\u00e7\u00e3o. 1mx35x16<\/p>\n<p>&nbsp;<\/p>\n<p>PARA COMPRA OU ORCAR , BASTA NOS ENVIAR \u00a0EMAIL \u00a0contato@equipapet.com.br<\/p>\n<p>OBRIGADA.<\/p>\n","protected":false},"excerpt":{"rendered":"<p>Calha Cir\u00fargica Grande chapa\u00a0a\u00e7o inox fixada sem arrebite para evitar contamina\u00e7\u00e3o\u00a0estrutura em ferro zincado com furos laterais para conte\u00e7\u00e3o. 1mx35x16<\/p>\n","protected":false},"featured_media":5875,"template":"","meta":[],"product_cat":[739,782],"product_tag":[],"class_list":{"0":"post-5874","1":"product","2":"type-product","3":"status-publish","4":"has-post-thumbnail","6":"product_cat-clinica-veterinaria","7":"product_cat-moveis","9":"first","10":"instock","11":"shipping-taxable","12":"purchasable","13":"product-type-simple"},"_links":{"self":[{"href":"https:\/\/equipapet.com.br\/website\/wp-json\/wp\/v2\/product\/5874","targetHints":{"allow":["GET"]}}],"collection":[{"href":"https:\/\/equipapet.com.br\/website\/wp-json\/wp\/v2\/product"}],"about":[{"href":"https:\/\/equipapet.com.br\/website\/wp-json\/wp\/v2\/types\/product"}],"wp:featuredmedia":[{"embeddable":true,"href":"https:\/\/equipapet.com.br\/website\/wp-json\/wp\/v2\/media\/5875"}],"wp:attachment":[{"href":"https:\/\/equipapet.com.br\/website\/wp-json\/wp\/v2\/media?parent=5874"}],"wp:term":[{"taxonomy":"product_cat","embeddable":true,"href":"https:\/\/equipapet.com.br\/website\/wp-json\/wp\/v2\/product_cat?post=5874"},{"taxonomy":"product_tag","embeddable":true,"href":"https:\/\/equipapet.com.br\/website\/wp-json\/wp\/v2\/product_tag?post=5874"}],"curies":[{"name":"wp","href":"https:\/\/api.w.org\/{rel}","templated":true}]}}