{"id":5903,"date":"2017-09-30T22:37:50","date_gmt":"2017-10-01T01:37:50","guid":{"rendered":"http:\/\/www.equipapet.com.br\/site\/?post_type=product&#038;p=5903"},"modified":"2025-06-20T14:32:37","modified_gmt":"2025-06-20T17:32:37","slug":"mesa-de-anatomia-ref-cmm","status":"publish","type":"product","link":"https:\/\/equipapet.com.br\/website\/product\/mesa-de-anatomia-ref-cmm\/","title":{"rendered":"MESA DE ANATOMIA"},"content":{"rendered":"<p>Mesa de Anotomia<\/p>\n<p>Totalmente em a\u00e7o inox,tampo e chapa em a\u00e7o inox,com vincos e furo para escoamento de l\u00edquidos isento de borra de solda para obstru\u00e7\u00e3o\u00a0da passagem do liquido.<\/p>\n<p>P\u00e9s\u00a0tubo grosso 1 1\/2 totalmente em a\u00e7o inox com acabamento primordial sem amassar o tubo,proporcionando mais fixa\u00e7\u00e3o diminuindo o balan\u00e7o da mesa.<\/p>\n<p>P\u00e9s de borracha anti derrapantes ,cantos do tampo soldado..<\/p>\n<p>Conten\u00e7\u00e3o lateral em inox para amarra,<\/p>\n<p>Balde de aluminio conico para 5 litros.<\/p>\n<p>Medidas:2,00&#215;0,70&#215;0,90m<\/p>\n<p>A Equipapet \u00e9 uma empresa especializada em\u00a0<b>equipamentos veterin\u00e1rios<\/b>. com vasta experi\u00eancia no setor, surgiu no intuito de ser refer\u00eancia no mercado de atua\u00e7\u00e3o e vem ganhando cada vez mais espa\u00e7o na \u00e1rea de\u00a0<b>Equipamentos Veterin\u00e1rios<\/b>\u00a0e\u00a0<b>Produtos Veterin\u00e1rios<\/b>\u00a0relacionados a montar\u00a0<b>Consult\u00f3rios Veterin\u00e1rios<\/b>,\u00a0<b>Cl\u00ednicas Veterin\u00e1rias<\/b>\u00a0e<b>\u00a0Hospitais Veterin\u00e1rios.<\/b><\/p>\n<p>&nbsp;<\/p>\n<p>Contamos com profissionais treinados e experientes\u00a0para dar todo o suporte para a melhor escolha al\u00e9m de acompanhar o veterin\u00e1rio em sua vida profissional e no dia-a-dia dando suporte no que precisar.<\/p>\n<p>&nbsp;<\/p>\n<p>Conhe\u00e7a nossos produtos, buscamos oferecer sempre a melhor solu\u00e7\u00e3o para sua cl\u00ednica veterin\u00e1ria.<\/p>\n","protected":false},"excerpt":{"rendered":"<p>Mesa de Anotomia Totalmente em a\u00e7o inox,tampo e chapa em a\u00e7o inox,com vincos e furo para escoamento de l\u00edquidos isento<\/p>\n","protected":false},"featured_media":5904,"template":"","meta":[],"product_cat":[739,782],"product_tag":[],"class_list":{"0":"post-5903","1":"product","2":"type-product","3":"status-publish","4":"has-post-thumbnail","6":"product_cat-clinica-veterinaria","7":"product_cat-moveis","9":"first","10":"instock","11":"shipping-taxable","12":"purchasable","13":"product-type-simple"},"_links":{"self":[{"href":"https:\/\/equipapet.com.br\/website\/wp-json\/wp\/v2\/product\/5903","targetHints":{"allow":["GET"]}}],"collection":[{"href":"https:\/\/equipapet.com.br\/website\/wp-json\/wp\/v2\/product"}],"about":[{"href":"https:\/\/equipapet.com.br\/website\/wp-json\/wp\/v2\/types\/product"}],"wp:featuredmedia":[{"embeddable":true,"href":"https:\/\/equipapet.com.br\/website\/wp-json\/wp\/v2\/media\/5904"}],"wp:attachment":[{"href":"https:\/\/equipapet.com.br\/website\/wp-json\/wp\/v2\/media?parent=5903"}],"wp:term":[{"taxonomy":"product_cat","embeddable":true,"href":"https:\/\/equipapet.com.br\/website\/wp-json\/wp\/v2\/product_cat?post=5903"},{"taxonomy":"product_tag","embeddable":true,"href":"https:\/\/equipapet.com.br\/website\/wp-json\/wp\/v2\/product_tag?post=5903"}],"curies":[{"name":"wp","href":"https:\/\/api.w.org\/{rel}","templated":true}]}}