{"id":5940,"date":"2017-10-02T16:57:45","date_gmt":"2017-10-02T19:57:45","guid":{"rendered":"http:\/\/www.equipapet.com.br\/site\/?post_type=product&#038;p=5940"},"modified":"2025-06-20T14:34:24","modified_gmt":"2025-06-20T17:34:24","slug":"mesa-de-odontologia-e-fluidoterapia-em-inox","status":"publish","type":"product","link":"https:\/\/equipapet.com.br\/website\/product\/mesa-de-odontologia-e-fluidoterapia-em-inox\/","title":{"rendered":"MESA DE ODONTOLOGIA E FLUIDOTERAPIA EM INOX"},"content":{"rendered":"<p>Mesa de Odonto e Fluido terapia InoxTampo e chapa em a\u00e7o inoix,em formato de cuba com 0,03 de profundidade com vincos e furo para\u00a0escoamento de l\u00edquidos isento de borra de solda para obstru\u00e7\u00e3o da passagem do liquido,ideal para\u00a0uso veterin\u00e1rio.P\u00e9s tubo grosso quadrado,40&#215;40 totalmente em a\u00e7o inox com acabamento primordial manipula de regulagem fixada\u00a0na quina viva do tubo atrav\u00e9s de maquin\u00e1rio proporcionando utilizar a mesa nivelada ou inclinada en\u00e3o deformando os p\u00e9s interno com a utiliza\u00e7\u00e3o ,fixa\u00e7\u00e3o diminuindo o balan\u00e7o da mesa.Ponteiras de borracha anti derrapantes.Com gradil e tampo superior remov\u00edvel,toda em a\u00e7o inox.Suporte de soro em tubo quadrado (pois o redondo pode vir a tombar).Sistema eficaz de trava em 5 escala sem a necessidade de aperto.Conten\u00e7\u00e3o lateral em inox para amarra.Medidas 1,10&#215;0,70&#215;0,90mBalde de alum\u00ednio c\u00f4nico para 5 litros.<\/p>\n<p>A Equipapet \u00e9 uma empresa especializada em\u00a0<b>equipamentos veterin\u00e1rios<\/b>. com vasta experi\u00eancia no setor, surgiu no intuito de ser refer\u00eancia no mercado de atua\u00e7\u00e3o e vem ganhando cada vez mais espa\u00e7o na \u00e1rea de\u00a0<b>Equipamentos Veterin\u00e1rios<\/b>\u00a0e\u00a0<b>Produtos Veterin\u00e1rios<\/b>\u00a0relacionados a montar\u00a0<b>Consult\u00f3rios Veterin\u00e1rios<\/b>,\u00a0<b>Cl\u00ednicas Veterin\u00e1rias<\/b>\u00a0e<b>\u00a0Hospitais Veterin\u00e1rios.<\/b><\/p>\n<p>&nbsp;<\/p>\n<p>Contamos com profissionais treinados e experientes\u00a0para dar todo o suporte para a melhor escolha al\u00e9m de acompanhar o veterin\u00e1rio em sua vida profissional e no dia-a-dia dando suporte no que precisar.<\/p>\n<p>&nbsp;<\/p>\n<p>Conhe\u00e7a nossos produtos, buscamos oferecer sempre a melhor solu\u00e7\u00e3o para sua cl\u00ednica veterin\u00e1ria.<\/p>\n","protected":false},"excerpt":{"rendered":"<p>Mesa de Odonto e Fluido terapia InoxTampo e chapa em a\u00e7o inoix,em formato de cuba com 0,03 de profundidade com<\/p>\n","protected":false},"featured_media":5941,"template":"","meta":[],"product_cat":[739,779,782],"product_tag":[],"class_list":{"0":"post-5940","1":"product","2":"type-product","3":"status-publish","4":"has-post-thumbnail","6":"product_cat-clinica-veterinaria","7":"product_cat-inox","8":"product_cat-moveis","10":"first","11":"instock","12":"shipping-taxable","13":"purchasable","14":"product-type-simple"},"_links":{"self":[{"href":"https:\/\/equipapet.com.br\/website\/wp-json\/wp\/v2\/product\/5940","targetHints":{"allow":["GET"]}}],"collection":[{"href":"https:\/\/equipapet.com.br\/website\/wp-json\/wp\/v2\/product"}],"about":[{"href":"https:\/\/equipapet.com.br\/website\/wp-json\/wp\/v2\/types\/product"}],"wp:featuredmedia":[{"embeddable":true,"href":"https:\/\/equipapet.com.br\/website\/wp-json\/wp\/v2\/media\/5941"}],"wp:attachment":[{"href":"https:\/\/equipapet.com.br\/website\/wp-json\/wp\/v2\/media?parent=5940"}],"wp:term":[{"taxonomy":"product_cat","embeddable":true,"href":"https:\/\/equipapet.com.br\/website\/wp-json\/wp\/v2\/product_cat?post=5940"},{"taxonomy":"product_tag","embeddable":true,"href":"https:\/\/equipapet.com.br\/website\/wp-json\/wp\/v2\/product_tag?post=5940"}],"curies":[{"name":"wp","href":"https:\/\/api.w.org\/{rel}","templated":true}]}}