{"id":5984,"date":"2017-10-25T16:29:17","date_gmt":"2017-10-25T18:29:17","guid":{"rendered":"http:\/\/www.equipapet.com.br\/site\/?post_type=product&#038;p=5984"},"modified":"2025-06-15T12:36:12","modified_gmt":"2025-06-15T15:36:12","slug":"aparelho-para-anestesia-dl730","status":"publish","type":"product","link":"https:\/\/equipapet.com.br\/website\/product\/aparelho-para-anestesia-dl730\/","title":{"rendered":"APARELHO DE ANESTESIA DL730"},"content":{"rendered":"<p>Equipamento m\u00f3vel, sem pedestal.<\/p>\n<p>Ventilador micro processado digital;<\/p>\n<p>filtro valvular completo;<\/p>\n<p>vaporizador universal de 100ml com vidro \u00e2mbar;<\/p>\n<p>rot\u00e2metro para oxig\u00eanio com escala de 0 a 8lpm;<\/p>\n<p>ajustes para diferentes tipos de anest\u00e9sicos.<\/p>\n<p>DELTA LIFE<\/p>\n<p>Somos Representante Metalvet<\/p>\n<p>Os produtos da metalvet seguem a mesma pol\u00edtica da fabrica, tendo o mesmo pre\u00e7o e sem frete gr\u00e1tis.<\/p>\n<p>PARA COMPRA OU ORCAMENTO , BASTA NOS ENVIAR POR EMAIL \u00a0contato@equipapet.com.br<\/p>\n<p>OBRIGADA.<\/p>\n<p>&nbsp;<\/p>\n","protected":false},"excerpt":{"rendered":"<p>Equipamento m\u00f3vel, sem pedestal. Ventilador micro processado digital; filtro valvular completo; vaporizador universal de 100ml com vidro \u00e2mbar; rot\u00e2metro para<\/p>\n","protected":false},"featured_media":6975,"template":"","meta":[],"product_cat":[776,739],"product_tag":[],"class_list":{"0":"post-5984","1":"product","2":"type-product","3":"status-publish","4":"has-post-thumbnail","6":"product_cat-anestesia","7":"product_cat-clinica-veterinaria","9":"first","10":"instock","11":"shipping-taxable","12":"purchasable","13":"product-type-simple"},"_links":{"self":[{"href":"https:\/\/equipapet.com.br\/website\/wp-json\/wp\/v2\/product\/5984","targetHints":{"allow":["GET"]}}],"collection":[{"href":"https:\/\/equipapet.com.br\/website\/wp-json\/wp\/v2\/product"}],"about":[{"href":"https:\/\/equipapet.com.br\/website\/wp-json\/wp\/v2\/types\/product"}],"wp:featuredmedia":[{"embeddable":true,"href":"https:\/\/equipapet.com.br\/website\/wp-json\/wp\/v2\/media\/6975"}],"wp:attachment":[{"href":"https:\/\/equipapet.com.br\/website\/wp-json\/wp\/v2\/media?parent=5984"}],"wp:term":[{"taxonomy":"product_cat","embeddable":true,"href":"https:\/\/equipapet.com.br\/website\/wp-json\/wp\/v2\/product_cat?post=5984"},{"taxonomy":"product_tag","embeddable":true,"href":"https:\/\/equipapet.com.br\/website\/wp-json\/wp\/v2\/product_tag?post=5984"}],"curies":[{"name":"wp","href":"https:\/\/api.w.org\/{rel}","templated":true}]}}